ided by 8.
4
What is the remainder when 39415882 is divided by 12?
10
Calculate the remainder when 17752 is divided by 2294.
1694
What is the remainder when 222786 is divided by 222723?
63
Calculate the remainder when 618205 is divided by 204346.
5167
What is the remainder when 4809996 is divided by 1202481?
72
Calculate the remainder when 750921 is divided by 652.
469
Calculate the remainder when 3515316 is divided by 9155.
8951
Calculate the remainder when 28043 is divided by 3078.
341
Calculate the remainder when 1427335 is divided by 192.
7
What is the remainder when 435215 is divided by 750?
215
What is the remainder when 220468 is divided by 7404?
5752
Calculate the remainder when 27586479 is divided by 38.
37
Calculate the remainder when 2571087 is divided by 4.
3
Calculate the remainder when 1839439 is divided by 1382.
1379
What is the remainder when 105235 is divided by 2099?
285
Calculate the remainder when 848357 is divided by 181.
10
What is the remainder when 684609 is divided by 494?
419
What is the remainder when 1775094 is divided by 65734?
276
Calculate the remainder when 52303721 is divided by 167.
156
Calculate the remainder when 1289118 is divided by 107366.
726
What is the remainder when 697839 is divided by 174382?
311
What is the remainder when 22446 is divided by 391?
159
Calculate the remainder when 10262404 is divided by 3420791.
31
What is the remainder when 22503 is divided by 538?
445
Calculate the remainder when 5571 is divided by 5543.
28
What is the remainder when 500185 is divided by 12?
1
Calculate the remainder when 30701 is divided by 10063.
512
What is the remainder when 2114634 is divided by 38?
10
What is the remainder when 11100 is divided by 11082?
18
Calculate the remainder when 138695 is divided by 402.
5
What is the remainder when 12631982 is divided by 12631937?
45
Calculate the remainder when 6702363 is divided by 1675588.
11
What is the remainder when 49482778 is divided by 884?
878
What is the remainder when 109021 is divided by 3341?
2109
What is the remainder when 6910888 is divided by 70?
68
Calculate the remainder when 262779 is divided by 42.
27
Calculate the remainder when 3843980 is divided by 140.
0
What is the remainder when 1052293268 is divided by 568?
564
What is the remainder when 4224215 is divided by 2627?
2626
Calculate the remainder when 9808562 is divided by 269.
15
Calculate the remainder when 7906191 is divided by 1201.
8
Calculate the remainder when 5903005 is divided by 86.
51
What is the remainder when 34890612 is divided by 89?
31
Calculate the remainder when 1149361794 is divided by 92.
90
Calculate the remainder when 935923 is divided by 53.
49
What is the remainder when 64445 is divided by 10410?
1985
Calculate the remainder when 2979483 is divided by 61.
60
Calculate the remainder when 1642438 is divided by 1143.
1090
What is the remainder when 548649599 is divided by 853?
852
Calculate the remainder when 231958809 is divided by 7937.
7921
Calculate the remainder when 12934333 is divided by 19.
7
Calculate the remainder when 19849168 is divided by 2913.
2899
Calculate the remainder when 146845 is divided by 609.
76
Calculate the remainder when 68106455 is divided by 63.
53
Calculate the remainder when 11920215 is divided by 547.
538
Calculate the remainder when 90708 is divided by 90182.
526
What is the remainder when 2728414 is divided by 80247?
16
What is the remainder when 145259 is divided by 48250?
509
What is the remainder when 16265746 is divided by 4929?
46
Calculate the remainder when 23642 is divided by 16719.
6923
What is the remainder when 958227 is divided by 1453?
700
What is the remainder when 70487 is divided by 23011?
1454
What is the remainder when 189111876 is divided by 5562114?
0
Calculate the remainder when 15511828 is divided by 30.
28
Calculate the remainder when 192631 is divided by 7134.
13
Calculate the remainder when 1071001 is divided by 394.
109
What is the remainder when 667496 is divided by 35127?
83
Calculate the remainder when 1927371 is divided by 7.
5
What is the remainder when 8015589 is divided by 156?
153
What is the remainder when 245489 is divided by 534?
383
What is the remainder when 509077 is divided by 2148?
1
What is the remainder when 18028455 is divided by 322?
319
Calculate the remainder when 1792355 is divided by 448083.
23
Calculate the remainder when 1663988 is divided by 3313.
862
Calculate the remainder when 1377303 is divided by 1286.
1283
What is the remainder when 78454 is divided by 542?
406
Calculate the remainder when 1906566 is divided by 63.
60
What is the remainder when 36581095 is divided by 59773?
19
Calculate the remainder when 15535325 is divided by 865.
790
What is the remainder when 665481 is divided by 993?
171
What is the remainder when 3530399 is divided by 5341?
5339
What is the remainder when 147156 is divided by 4093?
3901
Calculate the remainder when 130102 is divided by 16258.
38
What is the remainder when 447620 is divided by 728?
628
What is the remainder when 1034170 is divided by 5094?
88
What is the remainder when 2390435 is divided by 45?
35
What is the remainder when 9594589 is divided by 112?
109
Calculate the remainder when 163355 is divided by 80377.
2601
Calculate the remainder when 739502903 is divided by 934.
931
Calculate the remainder when 1684259 is divided by 180.
179
What is the remainder when 3718370 is divided by 1681?
1679
What is the remainder when 2220963 is divided by 1719?
15
Calculate the remainder when 41349 is divided by 7.
0
What is the remainder when 43113533 is divided by 34?
3
What is the remainder when 1259855 is divided by 4404?
311
What is the remainder when 24191545 is divided by 49?
0
Calculate the remainder when 1649189 is divided by 1520.
1509
Calculate the remainder when 78064 is divided by 5806.
2586
What is the remainder when 3336020 is divided by 4821?
4709
Calculate the remainder when 28223 is divided by 2130.
533
Calculate the remainder when 13779543 is divided by 71.
5
Calculate the remainder when 89210 is divided by 44083.
1044
What is the remainder when 1073026 is divided by 195?
136
Calculate the remainder when 69362 is divided by 8665.
42
What is the remainder when 52212 is divided by 51950?
262
What is the remainder when 178765 is divided by 8895?
865
Calculate the remainder when 1676496 is divided by 1230.
6
What is the remainder when 4922865 is divided by 1034?
1025
Calculate the remainder when 12014140 is divided by 966.
964
What is the remainder when 8516782 is divided by 1319?
1318
What is the remainder when 10856257 is divided by 14210?
14027
Calculate the remainder when 356201 is divided by 14.
13
What is the remainder when 304121291 is divided by 19?
14
What is the remainder when 8169 is divided by 589?
512
Calculate the remainder when 1471690 is divided by 7955.
15
What is the remainder when 767317 is divided by 191811?
73
What is the remainder when 7622086 is divided by 514?
494
Calculate the remainder when 3072032 is divided by 99093.
149
Calculate the remainder when 2601103 is divided by 644.
631
Calculate the remainder when 108389 is divided by 1073.
16
Calculate the remainder when 31886861 is divided by 108091.
16
Calculate the remainder when 2101244 is divided by 210100.
244
What is the remainder when 1820435 is divided by 106?
97
Calculate the remainder when 31313 is divided by 1248.
113
Calculate the remainder when 14595 is divided by 284.
111
Calculate the remainder when 3994773 is divided by 1143.
1131
Calculate the remainder when 698141 is divided by 392.
381
Calculate the remainder when 11137252 is divided by 13.
9
What is the remainder when 47925 is divided by 280?
45
What is the remainder when 391386 is divided by 391002?
384
Calculate the remainder when 139077 is divided by 19747.
848
Calculate the remainder when 182992370 is divided by 997.
996
What is the remainder when 203387 is divided by 1846?
327
What is the remainder when 1035416 is divided by 6512?
8
What is the remainder when 25374 is divided by 6329?
58
What is the remainder when 3147811 is divided by 54?
43
What is the remainder when 30173198 is divided by 116?
90
What is the remainder when 2054784 is divided by 90?
84
Calculate the remainder when 189015